igit of 44842?
4
What is the hundreds digit of 51510?
5
What is the thousands digit of 2622?
2
What is the tens digit of 1713?
1
What is the ten thousands digit of 16575?
1
What is the hundreds digit of 142?
1
What is the units digit of 135?
5
What is the hundreds digit of 127?
1
What is the hundreds digit of 9562?
5
What is the tens digit of 1204?
0
What is the hundreds digit of 17207?
2
What is the units digit of 1136?
6
What is the ten thousands digit of 17874?
1
What is the hundreds digit of 822?
8
What is the tens digit of 385?
8
What is the thousands digit of 52903?
2
What is the ten thousands digit of 130106?
3
What is the ten thousands digit of 19176?
1
What is the ten thousands digit of 33370?
3
What is the hundreds digit of 938?
9
What is the hundreds digit of 449?
4
What is the thousands digit of 1003?
1
What is the units digit of 943?
3
What is the hundreds digit of 478?
4
What is the hundreds digit of 21113?
1
What is the tens digit of 529?
2
What is the hundreds digit of 4425?
4
What is the ten thousands digit of 46748?
4
What is the tens digit of 1962?
6
What is the hundreds digit of 148?
1
What is the thousands digit of 69031?
9
What is the hundreds digit of 3018?
0
What is the tens digit of 743?
4
What is the tens digit of 2042?
4
What is the tens digit of 685?
8
What is the hundreds digit of 1795?
7
What is the units digit of 50852?
2
What is the hundreds digit of 21643?
6
What is the ten thousands digit of 12159?
1
What is the tens digit of 1786?
8
What is the units digit of 24?
4
What is the units digit of 2205?
5
What is the thousands digit of 3578?
3
What is the tens digit of 963?
6
What is the thousands digit of 39482?
9
What is the units digit of 6078?
8
What is the tens digit of 43780?
8
What is the tens digit of 12989?
8
What is the units digit of 991?
1
What is the thousands digit of 3830?
3
What is the tens digit of 616?
1
What is the hundreds digit of 869?
8
What is the thousands digit of 4488?
4
What is the hundreds digit of 1214?
2
What is the ten thousands digit of 96501?
9
What is the tens digit of 3729?
2
What is the tens digit of 26483?
8
What is the units digit of 818?
8
What is the thousands digit of 2411?
2
What is the units digit of 491?
1
What is the units digit of 1028?
8
What is the ten thousands digit of 56839?
5
What is the tens digit of 15628?
2
What is the ten thousands digit of 59987?
5
What is the tens digit of 2088?
8
What is the hundreds digit of 8796?
7
What is the tens digit of 90?
9
What is the tens digit of 1261?
6
What is the hundreds digit of 12630?
6
What is the tens digit of 19471?
7
What is the thousands digit of 9322?
9
What is the hundreds digit of 6534?
5
What is the tens digit of 18804?
0
What is the hundreds digit of 479?
4
What is the units digit of 5527?
7
What is the hundreds digit of 16910?
9
What is the ten thousands digit of 18487?
1
What is the thousands digit of 6992?
6
What is the hundred thousands digit of 108587?
1
What is the tens digit of 1115?
1
What is the tens digit of 25912?
1
What is the tens digit of 1143?
4
What is the tens digit of 2325?
2
What is the units digit of 5344?
4
What is the ten thousands digit of 16057?
1
What is the tens digit of 1785?
8
What is the thousands digit of 1285?
1
What is the units digit of 69419?
9
What is the thousands digit of 12525?
2
What is the tens digit of 1494?
9
What is the thousands digit of 1558?
1
What is the thousands digit of 3018?
3
What is the tens digit of 6248?
4
What is the units digit of 568?
8
What is the hundreds digit of 9773?
7
What is the units digit of 31530?
0
What is the tens digit of 76?
7
What is the tens digit of 3583?
8
What is the hundreds digit of 12391?
3
What is the hundreds digit of 907?
9
What is the tens digit of 8274?
7
What is the units digit of 8825?
5
What is the hundreds digit of 949?
9
What is the ten thousands digit of 25853?
2
What is the thousands digit of 109542?
9
What is the units digit of 5533?
3
What is the hundreds digit of 866?
8
What is the units digit of 14394?
4
What is the hundreds digit of 11825?
8
What is the units digit of 199?
9
What is the tens digit of 4872?
7
What is the units digit of 15637?
7
What is the ten thousands digit of 10052?
1
What is the thousands digit of 1772?
1
What is the tens digit of 219?
1
What is the units digit of 65?
5
What is the hundreds digit of 6035?
0
What is the tens digit of 3063?
6
What is the tens digit of 8743?
4
What is the tens digit of 54193?
9
What is the units digit of 250?
0
What is the thousands digit of 35559?
5
What is the tens digit of 7275?
7
What is the tens digit of 85130?
3
What is the thousands digit of 6201?
6
What is the tens digit of 981?
8
What is the thousands digit of 1856?
1
What is the thousands digit of 117709?
7
What is the units digit of 24292?
2
What is the tens digit of 38897?
9
What is the units digit of 3650?
0
What is the hundreds digit of 12943?
9
What is the thousands digit of 2147?
2
What is the thousands digit of 7429?
7
What is the units digit of 3004?
4
What is the units digit of 122632?
2
What is the tens digit of 49?
4
What is the tens digit of 930?
3
What is the tens digit of 1494?
9
What is the tens digit of 163?
6
What is the tens digit of 1138?
3
What is the units digit of 1783?
3
What is the tens digit of 18965?
6
What is the units digit of 11468?
8
What is the tens digit of 15513?
1
What is the hundreds digit of 1299?
2
What is the thousands digit of 6224?
6
What is the hundreds digit of 480?
4
What is the hundreds digit of 783?
7
What is the thousands digit of 1109?
1
What is the thousands digit of 15475?
5
What is the tens digit of 5128?
2
What is the units digit of 202?
2
What is the tens digit of 583?
8
What is the units digit of 6096?
6
What is the units digit of 6715?
5
What is the thousands digit of 2175?
2
What is the units digit of 8104?
4
What is the thousands digit of 1301?
1
What is the units digit of 59532?
2
What is the hundreds digit of 7585?
5
What is the units digit of 24888?
8
What is the hundreds digit of 3840?
8
What is the hundreds digit of 1539?
5
What is the units digit of 3256?
6
What is the tens digit of 163890?
9
What is the hundreds digit of 295?
2
What is the ten thousands digit of 22848?
2
What is the units digit of 339?
9
What is the thousands digit of 10826?
0
What is the tens digit of 1472?
7
What is the hundreds digit of 1236?
2
What is the tens digit of 3681?
8
What is the thousands digit of 6208?
6
What is the units digit of 2694?
4
What is the units digit of 461?
1
What is the units digit of 1975?
5
What is the units digit of 420?
0
What is the hundreds digit of 1752?
7
What is the tens digit of 16121?
2
What is the units digit of 39061?
1
What is the tens digit of 554?
5
What is the units digit of 317?
7
What is the hundreds digit of 1660?
6
What is the hundreds digit of 1289?
2
What is the hundreds digit of 975?
9
What is the tens digit of 15886?
8
What is the units digit of 13133?
3
What is the thousands digit of 6477?
6
What is the hundreds digit of 7665?
6
What is the thousands digit of 17796?
7
What is the units digit of 6678?
8
What is the thousands digit of 5482?
5
What is the units digit of 19203?
3
What is the hundreds digit of 4528?
5
What is the hundreds digit of 77436?
4
What is the thousands digit of 139091?
9
What is the thousands digit of 2925?
2
What is the tens digit of 8028?
2
What is the thousands digit of 1280?
1
What is the units digit of 1239?
9
What is the tens digit of 31788?
8
What is the hundreds digit of 4394?
3
What is the thousands digit of 7111?
7
What is the hundreds digit of 3514?
5
What is the units digit of 24810?
0
What is the hundreds digit of 3912?
9
What is the hundreds digit of 312?
3
What is the units digit of 944?
4
What is the hundreds digit of 5079?
0
What is the units digit of 31566?
6
What is the units digit of 5291?
1
What is the tens digit of 11123?
2
What is the units digit of 5889?
9
What is the thousands digit of 53838?
3
What is the ten thousands digit of 10402?
1
What is the hundred thousands digit of 142638?
1
What is the ten thousands digit of 23377?
2
What is the units digit of 7865?
5
What is the tens digit of 52872?
7
What is the tens digit of 55?
5
What is the thousands digit of 14870?
4
What is 